{"id":86387,"date":"2026-01-20T13:44:47","date_gmt":"2026-01-20T12:44:47","guid":{"rendered":"https:\/\/beweb.chiesacattolica.it\/percorsitematici\/?page_id=86387"},"modified":"2026-01-20T16:08:25","modified_gmt":"2026-01-20T15:08:25","slug":"spojrz-z-miloscia","status":"publish","type":"page","link":"https:\/\/beweb.chiesacattolica.it\/percorsitematici\/sladami-ciszy-naczynie-swiete\/mnisi-w-swiecie-kontrast-miedzy-swiatem-a-monastycyzmem\/spojrz-z-miloscia\/","title":{"rendered":"Sp\u00f3jrz z Mi\u0142o\u015bci\u0105"},"content":{"rendered":"","protected":false},"excerpt":{"rendered":"","protected":false},"author":160,"featured_media":0,"parent":86366,"menu_order":0,"comment_status":"closed","ping_status":"closed","template":"","meta":{"ip_address":"","user_agent":"","level":"","revision":"","cookie_id":"","page_referer":"","html_form":""},"lingua":[11],"acf":[],"_links":{"self":[{"href":"https:\/\/beweb.chiesacattolica.it\/percorsitematici\/wp-json\/wp\/v2\/pages\/86387"}],"collection":[{"href":"https:\/\/beweb.chiesacattolica.it\/percorsitematici\/wp-json\/wp\/v2\/pages"}],"about":[{"href":"https:\/\/beweb.chiesacattolica.it\/percorsitematici\/wp-json\/wp\/v2\/types\/page"}],"author":[{"embeddable":true,"href":"https:\/\/beweb.chiesacattolica.it\/percorsitematici\/wp-json\/wp\/v2\/users\/160"}],"replies":[{"embeddable":true,"href":"https:\/\/beweb.chiesacattolica.it\/percorsitematici\/wp-json\/wp\/v2\/comments?post=86387"}],"version-history":[{"count":3,"href":"https:\/\/beweb.chiesacattolica.it\/percorsitematici\/wp-json\/wp\/v2\/pages\/86387\/revisions"}],"predecessor-version":[{"id":125987,"href":"https:\/\/beweb.chiesacattolica.it\/percorsitematici\/wp-json\/wp\/v2\/pages\/86387\/revisions\/125987"}],"up":[{"embeddable":true,"href":"https:\/\/beweb.chiesacattolica.it\/percorsitematici\/wp-json\/wp\/v2\/pages\/86366"}],"wp:attachment":[{"href":"https:\/\/beweb.chiesacattolica.it\/percorsitematici\/wp-json\/wp\/v2\/media?parent=86387"}],"wp:term":[{"taxonomy":"lingua","embeddable":true,"href":"https:\/\/beweb.chiesacattolica.it\/percorsitematici\/wp-json\/wp\/v2\/lingua?post=86387"}],"curies":[{"name":"wp","href":"https:\/\/api.w.org\/{rel}","templated":true}]}}